at is the tens digit of ((-1)/(-3))/(2/o)?
1
Suppose 3*c - 98 = 5*h, 4*c - 112 = 4*h - 2*h. What is the tens digit of c?
2
Let g = 0 + -5. Let z be g/(-4) - (-6)/8. Suppose -z*y - 40 = -5*l, -5*l + 2*y - 7*y + 5 = 0. What is the units digit of l?
6
Suppose 18*s - 20*s = -154. What is the units digit of s?
7
Suppose -5*x - 4*m + 459 = 0, 0 = 6*x - 4*x + 4*m - 186. What is the units digit of x?
1
Let o(l) = 6*l + 0 + 6*l + 1. What is the tens digit of o(4)?
4
Let d(s) = s**2 - 14*s - 3. Let g be d(15). Suppose g = 2*f - 14. What is the tens digit of f?
1
Let w be (-1)/(1/(1 + 0)). Let h(u) be the third derivative of -u**4/24 + u**3/6 - 4*u**2. What is the units digit of h(w)?
2
What is the units digit of ((-12)/8)/((-3)/296)?
8
Let b(f) = -f - 2*f + 3*f**2 - 4*f - f**2. What is the tens digit of b(5)?
1
Suppose -3*a + 2 = -2*a, 0 = -t - 4*a + 246. What is the hundreds digit of t?
2
Suppose 0 = -5*v - 3*k - 8, 2*v + 2*k = -0*v. Suppose y - 1 = -4. What is the units digit of (7 + 1)*(y - v)?
8
Suppose -5*l + 175 + 215 = 0. What is the units digit of (l/(-13))/(-2 - 0)?
3
Let o be -2 + 1*32 - -2. What is the units digit of 632/o - 6/8?
9
Let m = 8 - 4. Suppose 2*x - 2 = m. Suppose -2*y = 5*r - 9, -y = x*y - 2*r - 78. What is the units digit of y?
7
Let f be 8/5 + (-4)/(-10). Suppose 0 = 5*v - 69 + 49. Suppose -f*c + 95 = 5*w, w - 12 - 25 = -v*c. What is the tens digit of w?
1
Let q(w) = 4*w - 1. Let i be q(-7). Let x = -18 - i. What is the tens digit of x?
1
Let k(s) = -23*s**3 - 2*s**2 - 7*s - 7. What is the units digit of k(-2)?
3
Let u(c) = 3*c - 5. Suppose 4*a - 2 = 30. What is the units digit of u(a)?
9
Suppose 3*w - 6 = 3. Suppose -4*u - 1 = -w*u. What is the units digit of 2/u*(-10)/4?
5
Suppose 3*q = -5*y + 3*y + 688, -1110 = -5*q + 4*y. What is the hundreds digit of q?
2
Let r = 12 - -12. Let b = r - 18. What is the units digit of b?
6
Suppose 4*v + 0*v = 28. Let i = 15 - v. What is the units digit of i?
8
Let r(l) = l**2 + 2*l. Let w be r(-2). Suppose 2 = -2*d + 3*d. Suppose -g = -3*h - w*g + 20, d = h - 5*g. What is the units digit of h?
7
Suppose 5*a = 20, -2*s + 3*a = -4*s + 18. Let c be (3/(-2) - -1)*-24. Suppose k + s*k = c. What is the units digit of k?
3
Let k(v) = 11*v - 2. Let x be k(3). Suppose -5*a + x = 6. What is the units digit of a?
5
Let h = 13 - -47. Suppose 5*t - 3 = 5*b + 72, 0 = -4*t + 3*b + h. What is the units digit of t?
5
What is the tens digit of (-6)/(-21) + (-2031)/(-21)?
9
Let j = 11 - 1. Suppose j = 3*t + 4. What is the units digit of t?
2
Let d = 10 + -6. Suppose 0 = x + d*v - 12, 0 = v + 4*v + 15. What is the tens digit of x?
2
Let c = -94 + 211. What is the tens digit of c?
1
Let d be (21/1)/((-21)/(-14)). What is the units digit of (-3 + (-9)/(-2))*d?
1
Suppose -4*o = -12, 5*n + o = 7*n - 277. What is the tens digit of n?
4
Suppose 0 = 3*r + 2*r - 60. Suppose -4*y = -y - r. What is the units digit of y?
4
Suppose 0 = -2*j - 2 + 6. Suppose -b = j*b. Let h(r) = r + 12. What is the tens digit of h(b)?
1
Suppose 0 = 2*c - 41 + 11. Let o = 32 - c. What is the tens digit of o?
1
Suppose -5 = k, -2*z - 85 = -5*z + 2*k. Suppose -u + 2 + z = 0. What is the tens digit of u?
2
Let s(f) = 3*f**2 - f - 3. Let k be (-75)/27 - (-4)/(-18). What is the tens digit of s(k)?
2
Let q = 2 - 3. What is the units digit of (-2 + q)/(3/(-5))?
5
Let w = 229 - 113. What is the hundreds digit of w?
1
Let g = 46 - 21. Suppose -g = 3*u - 175. What is the tens digit of u?
5
Let o(w) = w**3 + 10*w**2 + 8*w + 9. What is the units digit of o(-9)?
8
Suppose 4*p + 4*h - 108 = 0, -2*h = 4*p - 37 - 63. Let c = 40 - p. What is the tens digit of c?
1
Let m(o) = 2*o**2 - 2*o + 15. What is the tens digit of m(-9)?
9
Let i(u) be the second derivative of u**4/12 - u**3/6 - u**2 - 2*u. Let s be (3 + 0)*(1 - 0). What is the units digit of i(s)?
4
Let l = -175 - -318. What is the units digit of l?
3
Let i(p) = p + 22. What is the units digit of i(0)?
2
What is the units digit of (-762)/(-12) + (-2)/4?
3
Let l = 6 - 4. Suppose -6 = 2*q, 4*q = 4*u - l*u - 36. What is the units digit of u?
2
Let j = -175 + 196. What is the tens digit of j?
2
Let b = 156 + -109. What is the units digit of b?
7
Let c(t) = -2*t + 4. Let s(g) = 6*g - 11. Let f(m) = 17*c(m) + 6*s(m). What is the units digit of f(5)?
2
Suppose -3 + 6 = g. Suppose q - 12 = -g*q. What is the units digit of ((-2)/3)/((-2)/q)?
1
Suppose 108 = 3*u + u. Suppose -5*s + u = -8. What is the units digit of s?
7
Let j(t) = t**2 + 5*t + 17. What is the tens digit of j(-8)?
4
Let d = 86 + -56. What is the units digit of d?
0
Let o(d) = 7*d - 14. Let t(y) = -y**3 + 11*y**2 + 14*y - 17. Let h be t(12). What is the tens digit of o(h)?
3
Suppose -3*c - 2*a + 415 = 0, 6*c - 3*c + 5*a - 421 = 0. What is the units digit of c?
7
Let u = 15 + -11. Suppose c - 2*y + 8 = 2*c, 2*y - u = c. What is the units digit of c?
2
Suppose 3*v - 75 = -3*g, -2*v = 3*g - v - 75. What is the tens digit of g + (-2 + 3 - 2)?
2
Suppose 3*c = -5*w - 24, 4*w - 2*c + 27 + 1 = 0. Suppose -5*m + 26 + 54 = 0. Let j = w + m. What is the units digit of j?
0
Let t = -120 + 59. Let u = t + 92. What is the tens digit of u?
3
Suppose 5*q - 192 = -4*k + 2*q, -5*k + 233 = 2*q. Suppose 0 = w + 9 - k. What is the tens digit of w?
3
Suppose 0 = -5*o + 2*y, -2*o = -5*o + 5*y. Let t = 6 - o. What is the units digit of (0/3 - 2) + t?
4
Let v be 15/3 - -1 - 2. Suppose 44 = 4*d - 4*t, 2*d - 44 = -2*d - v*t. What is the tens digit of d?
1
Suppose 3*y - 15 = 0, 4*i - 5*y = 821 + 298. What is the hundreds digit of i?
2
Let v = -41 + 76. What is the units digit of v?
5
Let x(z) = 2*z - 5. Let r(c) = c - 3. Let t(f) = 8*r(f) - 5*x(f). Let u be t(3). Let y = 4 - u. What is the units digit of y?
9
Let m(x) = -x**2 + 2*x + 6 - 3*x**3 - 3 + 0*x**3 + 0*x. What is the units digit of m(-2)?
9
Suppose -166 = -42*g + 40*g. What is the tens digit of g?
8
Suppose t + 1 = 0, 4*p + 21 = 8*p - t. Let a = 6 - p. Suppose -5*u + a = -4. What is the units digit of u?
1
Let o(a) = -a**3 - 4*a**2 - 3*a + 1. Let q be o(-3). What is the units digit of 215/20 + q/4?
1
Let b = 27 - 24. What is the units digit of b?
3
What is the tens digit of (80/24)/((-2)/(-6) + 0)?
1
Let s be 6/3 - -2 - 2. Let p be (-2 - 0)*(s + 0). What is the units digit of (-57)/(-6) - (-2)/p?
9
Suppose 2*y + 0*a - 2*a - 6 = 0, -2*y + 27 = 5*a. What is the tens digit of (-812)/(-20) + y/(-10)?
4
Suppose 2*j + 3*v = -0*j + 9, -j + 12 = 4*v. Let l = j - -1. What is the units digit of l?
1
Suppose -2*b + 7*b = 15. Let r be (-1 - -10) + 0/1. Suppose x + b*a = -r, 0 = -2*x - a - a - 2. What is the units digit of x?
3
Let m(q) = q**2 + 2*q + 8. Let b be m(8). Let l = b + -50. What is the tens digit of l?
3
Let m(y) = -4*y - 4*y + 6*y. Let w be m(4). What is the units digit of (3 - 1)/(w/(-12))?
3
Let x(b) = 14*b + 11. What is the tens digit of x(5)?
8
Let a be (-3 - -8)*(-4)/(-10). Let b(v) = -3 + a + 2*v**3 + 3. What is the tens digit of b(2)?
1
Let u be 1*1/(2/36). Let w = -4 - -6. Suppose w*n = u - 2. What is the units digit of n?
8
Let k(q) = q**3 + 9*q**2 + q + 12. Let w be k(-9). Suppose -w*p = -2*p - 23. What is the units digit of p?
3
Let s = -1 + 25. Let q = 43 - s. What is the units digit of q?
9
Suppose -f = -2*n + 4, 2*f = -1 + 5. Let j = -1 + n. Let x = 3 + j. What is the units digit of x?
5
Let v be (-6)/15*10/(-2). What is the units digit of -2*v/(-4)*4?
4
What is the tens digit of 16/24 - ((-277)/3 - 0)?
9
Let s be 1 - (-3 + 1 - -4). Let d be (-1)/s + (11 - 6). What is the units digit of (-3 + -4)/((-3)/d)?
4
Let l = -271 + 514. What is the tens digit of l?
4
Let x(b) = 3*b**2 + 21*b - 22. What is the units digit of x(-11)?
0
What is the units digit of -2 + 2/((-4)/(-14))?
5
Let y be -1 + 1 + 0 + -7. Let k(q) = 2*q**2 + 10*q - 3. What is the tens digit of k(y)?
2
Let f(v) be the second derivative of v**3/6 - 11*v**2/2 - v. Let r be f(0). Let x = -6 - r. What is the units digit of x?
5
Let i = 44 + 93. What is the tens digit of i?
3
Suppose -3*l + b - 1 = -3*b, 5*l = 5*b + 5. Let r(t) = t**2 - 3*t. What is the units digit of r(l)?
0
Let r be 20/(-3)*12/(-5). Suppose 2*t - 17 - r = -5*w, 2*t = -4*w + 26. Suppose -n = -2*n + w. What is the units digit of n?
7
What is the tens digit of ((-48)/28)/(4/(-11